of 5618652?
5
What is the thousands digit of 7422715?
2
What is the tens digit of 111328?
2
What is the hundreds digit of 228290?
2
What is the hundred thousands digit of 13713314?
7
What is the ten thousands digit of 4054387?
5
What is the hundreds digit of 564638?
6
What is the hundreds digit of 7406819?
8
What is the thousands digit of 737853?
7
What is the ten millions digit of 10832947?
1
What is the units digit of 1679947?
7
What is the hundreds digit of 2912164?
1
What is the hundred thousands digit of 1525664?
5
What is the tens digit of 275704?
0
What is the hundreds digit of 5737001?
0
What is the millions digit of 2673128?
2
What is the millions digit of 2964273?
2
What is the thousands digit of 1443930?
3
What is the hundred thousands digit of 486851?
4
What is the thousands digit of 655489?
5
What is the tens digit of 10637968?
6
What is the tens digit of 561290?
9
What is the millions digit of 2504786?
2
What is the hundreds digit of 2819072?
0
What is the hundred thousands digit of 377093?
3
What is the tens digit of 230796?
9
What is the hundred thousands digit of 16839363?
8
What is the ten thousands digit of 96114?
9
What is the hundreds digit of 2142771?
7
What is the hundreds digit of 453176?
1
What is the units digit of 30398167?
7
What is the hundreds digit of 15399?
3
What is the millions digit of 1303465?
1
What is the thousands digit of 331013?
1
What is the hundreds digit of 2352135?
1
What is the millions digit of 3945712?
3
What is the hundreds digit of 329908?
9
What is the ten thousands digit of 4696810?
9
What is the millions digit of 8834739?
8
What is the tens digit of 130084?
8
What is the hundreds digit of 1139623?
6
What is the units digit of 1572806?
6
What is the tens digit of 106026?
2
What is the hundreds digit of 207129?
1
What is the hundred thousands digit of 384055?
3
What is the units digit of 20072373?
3
What is the hundreds digit of 14866?
8
What is the units digit of 336986?
6
What is the hundreds digit of 4844049?
0
What is the hundred thousands digit of 702143?
7
What is the thousands digit of 11519389?
9
What is the hundred thousands digit of 492759?
4
What is the thousands digit of 140816?
0
What is the units digit of 4025408?
8
What is the thousands digit of 11008279?
8
What is the ten thousands digit of 6293920?
9
What is the thousands digit of 42197917?
7
What is the hundreds digit of 2408418?
4
What is the hundreds digit of 1711933?
9
What is the tens digit of 1838252?
5
What is the tens digit of 375536?
3
What is the hundred thousands digit of 1770207?
7
What is the tens digit of 774775?
7
What is the units digit of 347174?
4
What is the units digit of 16935623?
3
What is the units digit of 920640?
0
What is the thousands digit of 122368?
2
What is the hundred thousands digit of 363372?
3
What is the units digit of 4295175?
5
What is the ten thousands digit of 93893?
9
What is the ten millions digit of 14056459?
1
What is the tens digit of 39900?
0
What is the units digit of 2042807?
7
What is the hundreds digit of 673404?
4
What is the hundred thousands digit of 5253100?
2
What is the hundred thousands digit of 820941?
8
What is the hundreds digit of 9882965?
9
What is the thousands digit of 14364214?
4
What is the thousands digit of 837580?
7
What is the hundred thousands digit of 216355?
2
What is the units digit of 291905?
5
What is the hundred thousands digit of 879181?
8
What is the tens digit of 2323105?
0
What is the units digit of 13954724?
4
What is the millions digit of 6075394?
6
What is the tens digit of 4821?
2
What is the thousands digit of 1699226?
9
What is the hundred thousands digit of 806758?
8
What is the tens digit of 1506761?
6
What is the thousands digit of 2257087?
7
What is the ten thousands digit of 286227?
8
What is the hundred thousands digit of 8020002?
0
What is the units digit of 492925?
5
What is the millions digit of 1171532?
1
What is the hundred thousands digit of 4903596?
9
What is the hundred thousands digit of 1666344?
6
What is the hundred thousands digit of 114451?
1
What is the units digit of 81821?
1
What is the ten thousands digit of 178330?
7
What is the tens digit of 3476610?
1
What is the hundreds digit of 8015128?
1
What is the ten thousands digit of 14208823?
0
What is the tens digit of 1287137?
3
What is the ten thousands digit of 1627394?
2
What is the hundred thousands digit of 21963209?
9
What is the hundreds digit of 1911199?
1
What is the hundreds digit of 30073609?
6
What is the hundreds digit of 18468317?
3
What is the thousands digit of 156318?
6
What is the millions digit of 1483471?
1
What is the hundred thousands digit of 5878592?
8
What is the millions digit of 4000405?
4
What is the tens digit of 1574530?
3
What is the thousands digit of 462644?
2
What is the units digit of 774251?
1
What is the tens digit of 5635?
3
What is the hundreds digit of 2960580?
5
What is the units digit of 158969?
9
What is the hundreds digit of 3267353?
3
What is the ten thousands digit of 19028?
1
What is the thousands digit of 55792?
5
What is the ten thousands digit of 4802192?
0
What is the millions digit of 1049804?
1
What is the units digit of 525490?
0
What is the tens digit of 204255?
5
What is the hundred thousands digit of 2648768?
6
What is the tens digit of 5741184?
8
What is the hundred thousands digit of 3522911?
5
What is the hundred thousands digit of 3442136?
4
What is the units digit of 3979889?
9
What is the ten thousands digit of 803620?
0
What is the tens digit of 234651?
5
What is the ten thousands digit of 4561864?
6
What is the tens digit of 79582?
8
What is the ten thousands digit of 365532?
6
What is the ten thousands digit of 175747?
7
What is the tens digit of 122630?
3
What is the hundreds digit of 521005?
0
What is the millions digit of 2830953?
2
What is the thousands digit of 1428135?
8
What is the units digit of 645427?
7
What is the thousands digit of 4846326?
6
What is the ten millions digit of 26358743?
2
What is the hundred thousands digit of 479854?
4
What is the hundreds digit of 3080767?
7
What is the thousands digit of 3388580?
8
What is the tens digit of 347029?
2
What is the hundreds digit of 15300223?
2
What is the hundreds digit of 49113?
1
What is the ten thousands digit of 3672909?
7
What is the hundreds digit of 2025887?
8
What is the hundred thousands digit of 458136?
4
What is the ten thousands digit of 1644199?
4
What is the hundred thousands digit of 1262440?
2
What is the ten thousands digit of 11305395?
0
What is the thousands digit of 14740491?
0
What is the tens digit of 166377?
7
What is the thousands digit of 2236981?
6
What is the tens digit of 5549419?
1
What is the thousands digit of 35128?
5
What is the thousands digit of 118482?
8
What is the millions digit of 10650166?
0
What is the units digit of 1364267?
7
What is the units digit of 204485?
5
What is the units digit of 2357994?
4
What is the tens digit of 155197?
9
What is the hundred thousands digit of 4607200?
6
What is the ten thousands digit of 521631?
2
What is the units digit of 735474?
4
What is the ten thousands digit of 77872?
7
What is the units digit of 2190447?
7
What is the thousands digit of 19955489?
5
What is the hundreds digit of 2842834?
8
What is the millions digit of 2359264?
2
What is the ten thousands digit of 624566?
2
What is the ten thousands digit of 6431179?
3
What is the thousands digit of 654098?
4
What is the thousands digit of 63395?
3
What is the units digit of 5966464?
4
What is the millions digit of 11611615?
1
What is the hundred thousands digit of 2657971?
6
What is the ten thousands digit of 677229?
7
What is the ten thousands digit of 286494?
8
What is the hundred thousands digit of 389033?
3
What is the millions digit of 1791080?
1
What is the millions digit of 2359446?
2
What is the hundreds digit of 324960?
9
What is the tens digit of 1378461?
6
What is the thousands digit of 204351?
4
What is the hundred thousands digit of 554488?
5
What is the units digit of 1559963?
3
What is the thousands digit of 13420952?
0
What is the ten thousands digit of 81805?
8
What is the tens digit of 321033?
3
What is the units digit of 1306548?
8
What is the hundreds digit of 47677?
6
What is the ten thou